) + 6*q(c). What are the prime factors of k(-6)?
3, 5
Let y = -5 - -7. Let d(i) = -3*i**2 + 4*i - 3. Let x be d(y). List the prime factors of ((-2)/2)/(x/77).
11
Let b(r) = 193*r**3 - r**2. What are the prime factors of b(1)?
2, 3
Let v(f) = 1 - 2 + f**3 + 5*f + 0*f + 7*f**2. Let i be v(-6). Suppose -i*d + 20 = -30. List the prime factors of d.
2, 5
Let c(x) = -x**3 + 13*x**2 - 4*x + 16. List the prime factors of c(12).
2, 7
Let b(i) be the second derivative of -i**4/12 - 13*i**3/6 - 9*i**2/2 + 3*i. What are the prime factors of b(-12)?
3
Suppose 3 = 3*g - 27. What are the prime factors of g?
2, 5
Suppose o - 9 = 15. Let y = -37 + 37. Suppose o = -y*f + 4*f. What are the prime factors of f?
2, 3
Let y(v) = 4*v - 4 + 2*v + 9. Let q be y(4). Suppose 2*o - 8 = -0*o, 5*o = -3*r + q. What are the prime factors of r?
3
List the prime factors of (1/2)/(-2 + 890/444).
3, 37
Let g be (4/(-2))/((-2)/7). Let t(x) = -2*x - x - 9 + 5*x + 0. List the prime factors of t(g).
5
Let z = -43 - -82. What are the prime factors of z?
3, 13
Let c be (-44)/(-10) - (-6)/(-15). Suppose 3*n = -2*n - 45. Let w = c - n. What are the prime factors of w?
13
Let p = -18 + 13. Let x(j) = 4*j - 3. Let f be x(5). Let q = p + f. List the prime factors of q.
2, 3
Suppose -4*u + 8 = -2*u. What are the prime factors of (-3 - (-14)/u)*16?
2
Suppose -y + 71 = 2*y - 4*c, -4*c = 2*y - 34. List the prime factors of 242/8 - y/(-28).
31
Let a = -252 + 401. What are the prime factors of a?
149
List the prime factors of (20 + 2)*21/6.
7, 11
Let d = 68 + -16. List the prime factors of d.
2, 13
Let t be (-8 - 1)*5/(-15). Suppose -t = -3*p + 3. What are the prime factors of 10/3*6/p?
2, 5
List the prime factors of 6/(36/15)*26.
5, 13
Let m(k) = k**3 - 4*k**2 + 4*k - 2. Let z be m(3). List the prime factors of (0 - (z - 3)) + 14.
2
Let i(u) = -3*u - 11. Let c be i(-9). Suppose -5*v + c = j - 13, 0 = -5*j + 3*v + 257. List the prime factors of j.
7
Let x(c) = -c**3 + 11*c**2 - 2*c - 8. List the prime factors of x(10).
2, 3
Let s be ((-3 - -1) + 3)*4. Let k = s + 0. What are the prime factors of k?
2
Suppose -9 = 3*s - 111. What are the prime factors of s?
2, 17
Let h = -28 - -56. List the prime factors of h.
2, 7
Suppose f = 5*y - 141, -y + 31 = -0*y - 3*f. What are the prime factors of y?
2, 7
Suppose -4*y = y. Suppose y = -5*k - r + 3 + 22, -4*r = k - 5. List the prime factors of k.
5
Suppose -x = -5*w - 45, 2*x + 15 = 3*x + w. What are the prime factors of x?
2, 5
Suppose 331 = 3*s - 3*a + 4*a, a = -s + 107. What are the prime factors of s?
2, 7
Let q(g) = -g**3 - 10*g**2 - g - 3. Suppose -8 - 2 = n. List the prime factors of q(n).
7
Suppose -4*o - 1 + 13 = 0. Suppose 0 = -o*x - 3*g + 4*g + 25, 0 = x - 5*g + 1. What are the prime factors of x?
3
Suppose 3*f - 5 + 8 = 0. Suppose -6*k + z = -2*k - 72, 2*z = 4*k - 72. Let a = k - f. What are the prime factors of a?
19
Suppose k + 10 = 6*k. Suppose 3 = k*b - 5. List the prime factors of b.
2
Let m be 2/7 - (-24)/14. Suppose -4*u + 5*v + 6 = 0, -v + m = -0*v. Suppose 49 = u*q + 9. List the prime factors of q.
2, 5
Suppose 5*x - 2 = -2*l + 21, 3*x + 3*l - 21 = 0. Suppose 0 = -4*d - 5*n + 23 + 16, 0 = x*n + 15. What are the prime factors of d?
2
Let n = 115 + -40. Let t be 0 + (n - 2/1). Suppose 3*h = 2*m + 35, 6*h + 4*m - t = h. What are the prime factors of h?
13
Suppose -4 - 23 = -g. List the prime factors of g.
3
Let k = -10 - -30. Suppose -2*d - w + k = 0, -4*d + 0*w = w - 36. List the prime factors of d.
2
Let l = -21 + 13. Let h(f) = -f**3 - 6*f**2 + 10*f. Let s be h(l). Suppose u - 36 - 12 = -3*y, 4*u = 4*y - s. What are the prime factors of y?
3, 5
Suppose 0 = a - 3*a + 3*o + 7, 0 = 5*a - 2*o - 45. Suppose a = 5*r + 36. Let u = 13 + r. What are the prime factors of u?
2
Let u = -36 - 6. Let g = 78 + u. Suppose g = 2*d + d. List the prime factors of d.
2, 3
Let c be (-20)/9 + (-4)/(-18). What are the prime factors of (-3 + 5)*(-17)/c?
17
List the prime factors of (6/(-4))/((-3)/282).
3, 47
Let i(y) be the second derivative of y**3/6 + 17*y**2/2 - 5*y. Suppose -5*k - 17 = 28. List the prime factors of i(k).
2
Suppose x = 6*x. Let h be (x + 2)/((-2)/(-8)). List the prime factors of (-2)/h + (-225)/(-20).
11
Let i(n) = -n**3 + 1. Let q(a) = 3 - 5*a + 5*a - 3*a. Let m(b) = -i(b) + q(b). List the prime factors of m(2).
2
Let k be 48/10 - (-3)/15. Suppose -k*y - 3*z + 0*z = -8, z - 16 = -5*y. Suppose -4*v = 5*h - 10, -y - 3 = -2*h - v. List the prime factors of h.
2, 3
Let x = 0 + 1. Let d = 4 - 2. What are the prime factors of d/x - (-2 - -2)?
2
Suppose 0*l = 5*l - 25. What are the prime factors of l?
5
Let a be (2 - (-1 - -6)) + 6. Let q = a - -4. List the prime factors of q.
7
Suppose 5*s - 16 = -u, -u + 66 = -7*s + 2*s. What are the prime factors of u?
41
Suppose 2*j = -3*s + 191, -4*j + 2 = -2. List the prime factors of s.
3, 7
Let f(x) = x**3 - 7*x**2 + x + 12. List the prime factors of f(7).
19
Let s be (-1)/4 + 353/4. Suppose -3*r - 2*r + 110 = 5*v, 4*r = 2*v + s. Suppose 5*j - 18 = r. List the prime factors of j.
2
Suppose 3 = h + 5*u, -4*h + 87 = 4*u + 11. What are the prime factors of h?
23
What are the prime factors of ((-3)/(6/26))/(8/(-80))?
2, 5, 13
Let l be ((-18)/(-8))/((-4)/48). List the prime factors of l/(-12) - (-3)/(-12).
2
Let s(n) = -n**2 + 8*n - 3. Let b be (3 - -1 - 2) + 0. Suppose -4*x - 2 + 17 = -g, x = -b*g + 15. List the prime factors of s(x).
2, 3
Let g(n) = n**2 + 8*n - 4. Let h be g(-9). Suppose 0 = -2*d + d + h. Suppose d*m = 2*m + 45. What are the prime factors of m?
3, 5
Suppose -4*n + 0*w = 2*w + 62, 5*n + w = -82. Let q = n + 49. What are the prime factors of q?
2
Suppose 2*d - 19 = 3*i + d, -d + 31 = -5*i. Let a be (-10)/i - 2/(-6). What are the prime factors of -10*a/(-10)*2?
2
Let v = 248 + -75. List the prime factors of v.
173
Let p(s) = 51*s + 6. What are the prime factors of p(2)?
2, 3
Let s = 149 + -85. Suppose 56 + s = 4*v. What are the prime factors of v?
2, 3, 5
Suppose 2*c - 8 = 14. Suppose -r + 0 - c = -5*w, 2*r = -w + 22. Suppose -6*p - 3*q = -2*p - r, 15 = -3*q. What are the prime factors of p?
2, 3
Let m(y) = 3*y**2 + 5*y + 2. Let f = -15 - -11. List the prime factors of m(f).
2, 3, 5
Let i(h) = h**3 - 14*h**2 + 13*h + 5. Let g be i(13). Suppose 9*p - 132 = g*p. What are the prime factors of p?
3, 11
Let r = -1 + 4. Suppose 2*a = -5*d + r, 2*d + 9 = a + 6*d. Let z = 3 - a. What are the prime factors of z?
2, 7
Suppose -4*c + o = -3*o + 96, -16 = -4*o. List the prime factors of 1 - (2 - -1) - c.
2, 3
Let n(v) = -v**3 - v - 6. List the prime factors of n(-3).
2, 3
Suppose q = -0*q + 17. Let x = q + -9. List the prime factors of x.
2
Let z(d) = -3 - 12*d**3 - 14*d**3 + 4 - 3*d**3. What are the prime factors of z(-1)?
2, 3, 5
Let s(b) = -b**2 - 4*b + 3. Let z be s(-4). Let t = z - 3. Suppose t = 4*u - 29 - 7. What are the prime factors of u?
3
Let r(i) = 4*i**2 + 6*i + 8. List the prime factors of r(-5).
2, 3, 13
Let q = -31 - -52. Let m = q + -9. List the prime factors of m.
2, 3
Let j = -16 + 16. Suppose j = -3*w + 2*w + 44. What are the prime factors of w?
2, 11
Suppose -384 = -2*x - 3*h - h, -5*x - 4*h = -942. What are the prime factors of x?
2, 3, 31
What are the prime factors of 1092/((-18)/6)*-1?
2, 7, 13
Let m(r) = 6*r**2 - 1. Let h be m(-1). Suppose 0 = -v - 3*s + 5, -h*v + 133 = -4*s + 32. What are the prime factors of v?
17
Suppose -4*c = 2*r - 48, -c + 3*r + 6 = -6. Suppose -3 = -a + c. What are the prime factors of a?
3, 5
Let j = 4 - 1. Suppose -5*d - 4*w = 9, j*w = d + 8*w + 6. What are the prime factors of (d + (-9)/(-2))*2?
7
Suppose -4*x + 6 = -206. List the prime factors of x.
53
Let f be ((4 - 2) + -1)*2. Suppose 4*z + 2*a - 83 - 9 = 0, 5*z + f*a - 113 = 0. What are the prime factors of z?
3, 7
Let r = 15 + -13. Suppose r*n - 120 = -2*n. What are the prime factors of n?
2, 3, 5
Let d(a) be the third derivative of a**5/12 + a**4/8 + a**3/6 - 5*a**2. What are the prime factors of d(-2)?
3, 5
Let q = -15 - -352. List the prime factors of q.
337
Let m = -11 + 18. Suppose 0 = 2*w - 5*h + 6, 2*w - 14 = -m*h + 2*h. Suppose -4*t = 16, -6*t + w*t = -c + 25. List the prime factors of c.
3
Let p = 81 - 52. List the prime factors of p.
29
Let k = 0 + -8. List the prime factors of (-2)/k